115427
In base 12, what is 163 - -a1a83a?
a1a9a1
In base 4, what is 133132133 + 102101?
133300300
In base 14, what is 1 + -d248a4?
-d248a3
In base 13, what is 295546 + -86?
295490
In base 9, what is -3 + 10314531?
10314527
In base 8, what is -13 + -170146?
-170161
In base 4, what is 20010203122 - -2?
20010203130
In base 10, what is -5118 + -15731?
-20849
In base 12, what is 604 - 230ba?
-226b6
In base 3, what is 200110111 - -110210?
200221021
In base 3, what is -11 + -11111102022200?
-11111102022211
In base 3, what is -110222 - 2220012221?
-2220200220
In base 11, what is 15610a - -2207?
158316
In base 12, what is -146a0b3 + 29?
-146a086
In base 10, what is 1 - 4719508?
-4719507
In base 7, what is -14321151236 - 3?
-14321151242
In base 8, what is -76561 + -565?
-77346
In base 3, what is -11002000 + 1112200121?
1101121121
In base 4, what is 1200233 - -1020112?
2221011
In base 12, what is 179474 + -34?
179440
In base 2, what is -1 - 1011111011100111010100?
-1011111011100111010101
In base 15, what is 30a169 + -5?
30a164
In base 2, what is -1101010011001010 - 110000?
-1101010011111010
In base 16, what is 2 - -221f93?
221f95
In base 15, what is -ea5922 + -8?
-ea592a
In base 12, what is 175 - 18252?
-18099
In base 9, what is 3483 + 581?
4174
In base 5, what is 0 + -322021104?
-322021104
In base 3, what is 2112201122 + -100100011?
2012101111
In base 8, what is 3737 + -40757?
-35020
In base 13, what is 0 + 48155b?
48155b
In base 2, what is -100100001000110001000 + -1011?
-100100001000110010011
In base 12, what is 30 - -228b6?
22926
In base 11, what is -1377 - -6416?
504a
In base 4, what is 120122110 - -1102?
120123212
In base 13, what is 1ac40 - -21?
1ac61
In base 4, what is -10 - -30303122311302?
30303122311232
In base 14, what is 15b3426 + -1?
15b3425
In base 8, what is -15416231 - 3?
-15416234
In base 2, what is -101000000111111000 - 110001?
-101000001000101001
In base 14, what is 1c676 - 123b?
1b439
In base 14, what is -b0b8 - 49?
-b123
In base 3, what is -1202122021001 - -20202?
-1202122000022
In base 4, what is -2233 - -3302220200?
3302211301
In base 13, what is 39 + -13846?
-1380a
In base 13, what is -176 - 2355?
-24cb
In base 7, what is -1344 + 63623?
62246
In base 6, what is -250 + -1112422?
-1113112
In base 6, what is -110153203 + 2?
-110153201
In base 16, what is 0 + 6dcad4?
6dcad4
In base 14, what is 0 + -cd5cb1?
-cd5cb1
In base 4, what is -1 + -11323012202121?
-11323012202122
In base 10, what is 1 - 10123486?
-10123485
In base 13, what is 820502 + -33?
82049c
In base 16, what is 2494 + -2889?
-3f5
In base 7, what is 151340126 - 205?
151336621
In base 6, what is -315111005 - 41?
-315111050
In base 9, what is 16 - 140802867?
-140802851
In base 9, what is -475222 - -71?
-475141
In base 7, what is 4265 - -5020?
12315
In base 13, what is b2 + -2404?
-2322
In base 15, what is -5682 + 144?
-553d
In base 5, what is 0 - 114131042?
-114131042
In base 6, what is -5133 + 101054?
51521
In base 10, what is 88993763 - 1?
88993762
In base 12, what is 278b + -9305?
-6736
In base 4, what is -3 + 130323302110?
130323302101
In base 5, what is 2030341013 + -1010?
2030340003
In base 5, what is -40044201 + -111?
-40044312
In base 12, what is 2139 - -64a?
2787
In base 9, what is -14278433 + 5?
-14278427
In base 3, what is -11 + 121212201211222210?
121212201211222122
In base 12, what is 3a72 + 1abb8?
22a6a
In base 3, what is -2100 + 120012011220?
120012002120
In base 11, what is -26771a2 + -5?
-26771a7
In base 5, what is 134320 - 1200141?
-1010321
In base 11, what is 24a56a - 1?
24a569
In base 3, what is -1012021 + 1012000100?
1010211002
In base 6, what is 203101121343 + 4?
203101121351
In base 6, what is 11 + 114200234?
114200245
In base 14, what is 3a7574 - 6?
3a756c
In base 5, what is -23 + -221320342?
-221320420
In base 11, what is -1733 - 3105?
-4838
In base 2, what is -1001001111111101101100101 + -11?
-1001001111111101101101000
In base 7, what is 451 - -5132405?
5133156
In base 6, what is 15412132525 + 4?
15412132533
In base 13, what is -128a49 - 3?
-128a4c
In base 16, what is 79fb3 - 214?
79d9f
In base 3, what is -1101101211100012011 + 1?
-1101101211100012010
In base 15, what is -6d3b0 + -ba?
-6d47a
In base 3, what is -1110100022 - 11211?
-1110112010
In base 4, what is 2203 - -222021103?
222023312
In base 3, what is -212122012102002222 + -1?
-212122012102010000
In base 13, what is 9 - -aa1936?
aa1942
In base 6, what is 412 + -254433232?
-254432420
In base 5, what is -442002 + -10234?
-1002241
In base 7, what is 1320132140 + 1?
1320132141
In base 5, what is -120413233440 - 33?
-120413234023
In base 7, what is 2146 + 1025013?
1030162
In base 5, what is -22203 + -143003?
-220211
In base 2, what is 10010101100000001101110 - 101?
10010101100000001101001
In base 11, what is -64596a - 0?
-64596a
In base 12, what is 23 + -377976?
-377953
In base 12, what is -201 - -4b845?
4b644
In base 14, what is 6 - 102bd69?
-102bd63
In base 14, what is -2 + 27a36360?
27a3635c
In base 14, what is -c0935 + -a7?
-c09dc
In base 14, what is 262 - -2088?
230a
In base 8, what is -761333 - 37?
-761372
In base 4, what is 131 - 132022321?
-132022130
In base 3, what is -211202 - -12002200012?
12001211110
In base 9, what is -2 - 1386275?
-1386277
In base 4, what is 130332120 - 2211?
130323303
In base 11, what is 1 - 12341a?
-123419
In base 12, what is 1 + -1488197?
-1488196
In base 7, what is 343065 + -21204?
321561
In base 10, what is -3 + 3302628?
3302625
In base 12, what is -8423 - -7150?
-1293
In base 16, what is -3 - -101417f?
101417c
In base 10, what is -9055 + -1733?
-10788
In base 12, what is 14 + -2027b3?
-20279b
In base 4, what is -32303013 + 12232?
-32230121
In base 3, what is 1002121212 - -221200020?
2001022002
In base 14, what is -41da662 + -1?
-41da663
In base 13, what is 24574a - 3?
245747
In base 11, what is 1004a3440 + 3?
1004a3443
In base 9, what is 75807 + 52?
75860
In base 10, what is -2704 + 33483?
30779
In base 2, what is -10 + -1110110101100101010011?
-1110110101100101010101
In base 2, what is 100011000001000000 - 10101001?
100010111110010111
In base 7, what is -1161551 - -50?
-1161501
In base 16, what is 61b84a - 4?
61b846
In base 6, what is -23 - -152524034?
152524011
In base 9, what is -405 - -6182?
5676
In base 4, what is 12220 + 1120320?
1133200
In base 4, what is -100113 + 3032310?
2332131
In base 12, what is -1 + -500986?
-500987
In base 7, what is 12045 - -14235?
26313
In base 12, what is 7 - 11b86619?
-11b86612
In base 4, what is 323101 - 2210110?
-1221003
In base 4, what is -13112 - -1203100310?
1203021132
In base 2, what is -10111010100110110011001 + 101?
-10111010100110110010100
In base 16, what is 3 - -e9fd632?
e9fd635
In base 6, what is -13242024120 + 0?
-13242024120
In base 8, what is 16 - 33360227?
-33360211
In base 9, what is 18541 + 662?
20313
In base 11, what is -3 + 996472?
99646a
In base 13, what is -148413c - 3?
-1484142
In base 10, what is 18 + -33240223?
-33240205
In base 14, what is c543 - 26dd?
9c44
In base 16, what is -38a7ce0 - -5?
-38a7cdb
In base 9, what is 50655717 + -5?
50655712
In base 10, what is -4 + -1875176?
-1875180
In base 13, what is -a + 1b076a?
1b0760
In base 4, what is 20111230330 + 10?
20111231000
In base 12, what is -62a374 - -3?
-62a371
In base 5, what is 32 + 2141220001?
2141220033
In base 11, what is -524 - -54702?
54189
In base 3, what is 11 + 1220001022210?
1220001022221
In base 11, what is -11708269 - 5?
-11708273
In base 13, what is 1c7b10317 - 1?
1c7b10316
In base 5, what is 40144343 + 11?
40144404
In base 5, what is 10140200 + 121?
10140321
In base 11, what is 14a95759 - -5?
14a95763
In base 12, what is 1ab866465 + 0?
1ab866465
In base 6, what is -2132012 + -2?
-2132014
In base 11, what is -a - 16062941?
-16062950
In base 16, what is -790 + 8bbf?
842f
In base 7, what is 421523664 - 6?
421523655
In base 5, what is -134 + -3221030?
-3221214
In base 12, what is 2313a1 - 1425?
22bb78
In base 7, what is 15 + -326033?
-326015
In base 14, what is 32c9bd3 + -1?
32c9bd2
In base 6, what is -15505 - 432201?
-452110
In base 4, what is -230302233 - 12?
-230302311
In base 7, what is -424460455 - -1?
-424460454
In base 8, what is -37 + -22514003?
-22514042
In base 6, what is -411000132 + 14?
-411000114
In base 7, what is -12